).
69
Let f(c) = -77*c**2 - 1231*c + 6172. What is f(-20)?
-8
Let o(x) = -3010*x + 734447. Determine o(244).
7
Let f(g) = -g**3 + 54*g**2 - 839*g + 3159. What is f(29)?
-147
Let g(v) = -10668*v + 3691119. What is g(346)?
-9
Let i(q) = 132135*q - 660693. Give i(5).
-18
Let z(a) = a**2 + 29*a - 14. Determine z(2).
48
Let o(l) = -157*l**2 + 27628*l + 709. Give o(176).
5
Let m(n) = 449*n + 148591. Give m(-331).
-28
Let z(h) = -4*h**3 + 84*h**2 - 18*h + 77. What is z(15)?
5207
Let p(j) = 38645*j - 656959. Give p(17).
6
Let l(b) = -16*b**2 - 192*b + 981. Determine l(5).
-379
Let z(p) = p**2 + 69*p + 859. Determine z(-54).
49
Let k(i) = -2964*i + 50376. Calculate k(17).
-12
Let r(d) = 29900*d + 1764081. Calculate r(-59).
-19
Let u(h) = 38553*h + 422735. Give u(-11).
-1348
Let n(g) = -2*g**2 + 853*g - 43385. Give n(59).
-20
Let g(d) = -d**3 + 2*d**2 + 86*d + 114. What is g(-5)?
-141
Let m(i) = -i**3 + 20*i**2 - 136*i + 174. Calculate m(12).
-306
Let z(g) = -g**3 + 90*g**2 + 2484*g - 2295. What is z(112)?
-55
Let v(g) = 9*g**2 + 863*g - 3862. Calculate v(-100).
-162
Let f(m) = 2*m**3 + 1079*m**2 + 73899*m + 4. Calculate f(-459).
4
Let n(g) = 151*g + 20663. Calculate n(-137).
-24
Let m(u) = 57*u**2 - 1534*u + 7883. What is m(20)?
3
Let r(q) = 4*q**2 + 1870*q - 151666. Give r(-538).
50
Let g(o) = 27763*o - 15075309. Determine g(543).
0
Let b(l) = 21159*l - 634720. Give b(30).
50
Let j(q) = -q**3 - 24*q**2 - 238*q - 1863. Calculate j(-16).
-103
Let x(w) = 4*w**3 + 14*w**2 - 41*w + 394. Calculate x(-7).
-5
Let w(a) = -5540*a + 83101. Calculate w(15).
1
Let a(n) = 3*n**2 - 238*n + 25. Calculate a(74).
-1159
Let u(s) = s**3 - 243*s**2 - 730*s - 1978. Determine u(246).
-10
Let r(w) = 135*w**2 - 1904*w + 186. What is r(14)?
-10
Let k(x) = 5*x**2 - 322717*x - 1613703. Determine k(-5).
7
Let l(i) = -25*i**3 - 172*i**2 + 399*i - 114. What is l(2)?
-204
Let m(d) = -421*d**2 + 3735*d + 512. What is m(9)?
26
Let l(m) = -2404*m - 24745. Calculate l(-10).
-705
Let j(n) = 25*n**3 - 65*n**2 - 129*n - 20. Calculate j(-3).
-893
Let x(z) = -2*z**3 - z**2 - 9057*z + 18114. What is x(2)?
-20
Let p(z) = z**3 + 30*z**2 - 712*z - 219. What is p(16)?
165
Let t(u) = -45*u**3 + 72*u - 73. Determine t(1).
-46
Let z(j) = -50*j**2 + 769*j - 23. Calculate z(16).
-519
Let h(l) = -5*l**2 + 324*l + 2873. Give h(74).
-531
Let q(j) = 24353*j - 633177. What is q(26)?
1
Let j(r) = 405*r**2 + 55484*r - 174. Calculate j(-137).
-37
Let d(y) = -y**3 - 29*y**2 + 844*y + 5529. Give d(-45).
-51
Let u(f) = -560*f + 2610. What is u(6)?
-750
Let q(d) = 19*d**3 + 1042*d**2 - 162*d + 45. What is q(-55)?
-120
Let u(y) = -y**3 - 2987*y**2 + 510140*y - 327. What is u(162)?
-3
Let d(s) = s**2 + 27378*s + 1284552. What is d(-47)?
-5
Let q(g) = -g**3 - 153*g**2 + 759*g + 69630. Give q(-155).
35
Let h(l) = 15*l**3 - 71*l**2 - 125*l + 529. Determine h(5).
4
Let h(z) = -1613*z - 1054. Give h(-1).
559
Let w(x) = 347233*x + 14583783. Determine w(-42).
-3
Let i(v) = 129*v**2 + 7506*v + 8722. Calculate i(-57).
1
Let n(r) = 6*r**2 - 312*r - 619. Calculate n(55).
371
Let d(l) = -l**3 - 1249*l**2 + 6756*l + 5321749. Give d(-1251).
-5
Let f(b) = -b + 552. Determine f(-52).
604
Let h(o) = 452*o - 56080. Give h(123).
-484
Let r(b) = -b**2 - 573*b + 236198. Give r(277).
748
Let c(r) = -125*r - 866. Give c(-1).
-741
Let h(f) = 249*f - 12252. What is h(49)?
-51
Let o(h) = h**3 - 40*h**2 + 304*h - 27. What is o(10)?
13
Let m(v) = -1253*v + 76439. Give m(61).
6
Let p(o) = -5*o**2 + 2762*o - 35906. What is p(13)?
-845
Let k(o) = 17550*o + 982806. Give k(-56).
6
Let x(r) = 133*r**3 - 15293*r**2 - 238*r + 774. What is x(115)?
-146
Let r(x) = x**2 + 12*x - 3951. Determine r(57).
-18
Let l(k) = 19*k**2 + 770*k - 4780. What is l(-46)?
4
Let r(y) = -474*y - 6188. Determine r(-13).
-26
Let w(x) = 23200*x + 35333596. Determine w(-1523).
-4
Let s(b) = -34254*b - 19079490. Calculate s(-557).
-12
Let i(b) = -b**2 + 7073*b - 49468. Determine i(7).
-6
Let h(q) = 2*q**2 - 331*q + 12845. What is h(71)?
-574
Let x(r) = 6*r**3 + 1172*r**2 + 448*r + 11285. What is x(-195)?
-25
Let p(k) = 6*k**2 + 1623*k + 11288. Determine p(-7).
221
Let k(v) = -16*v**2 - 6462*v + 809. What is k(-404)?
1
Let k(z) = -z**2 + 387*z + 51682. Give k(-105).
22
Let y(f) = -34*f**2 - 1303*f - 5669. Give y(-5).
-4
Let t(k) = -2*k**2 - 223*k + 5169. Give t(-124).
2069
Let d(u) = -684*u + 6762. Calculate d(10).
-78
Let h(n) = 1961*n**2 - 5882*n + 15. What is h(3)?
18
Let v(o) = 68*o**2 + 2859*o + 255. What is v(-42)?
129
Let h(i) = 2676*i + 24084. Determine h(-9).
0
Let o(z) = 4*z**3 + 143*z**2 - 5*z + 1132. Determine o(-36).
16
Let n(q) = 5*q**3 - 233*q**2 + 264*q + 4296. Calculate n(45).
-24
Let w(x) = 406*x - 114077. What is w(281)?
9
Let j(h) = h**3 - 63*h**2 + 358*h - 940. Give j(57).
-28
Let n(j) = 3*j**3 - 269*j**2 - 368*j + 392. Calculate n(91).
28
Let m(r) = 349*r + 49307. Determine m(-142).
-251
Let d(k) = -k**3 + 245*k**2 + 23*k - 43. Calculate d(0).
-43
Let w(k) = -133*k - 14774. What is w(-119)?
1053
Let j(k) = -k**3 - 173*k**2 + 1134*k - 22686. Calculate j(-180).
-6
Let p(m) = 2*m**3 - 94*m**2 + 161*m - 713. What is p(45)?
-1568
Let h(k) = 19*k**3 - 1825*k**2 + 94*k + 169. What is h(96)?
-23
Let k(s) = 98*s**2 - 2341*s - 213. Calculate k(24).
51
Let a(w) = -2*w**3 + 47*w**2 + 977*w + 4814. Calculate a(38).
64
Let g(b) = b**3 + 62*b**2 - 22*b + 13. What is g(0)?
13
Let t(q) = 9*q**3 + 185*q**2 + 60*q - 18. What is t(-20)?
782
Let m(g) = 236*g - 5471. Determine m(23).
-43
Let r(z) = 48667*z - 243309. Determine r(5).
26
Let c(r) = 2*r**2 + 239*r + 2341. Determine c(-112).
661
Let m(x) = -5*x**3 + 12407*x**2 + 7292*x + 382228. Calculate m(2482).
0
Let w(x) = -x**3 - 10*x**2 + 12*x + 80. Give w(-4).
-64
Let b(l) = -2*l**3 - 198*l**2 - 4*l - 32. Determine b(-99).
364
Let n(m) = -m**3 - 579*m**2 + 68*m + 39379. Calculate n(-579).
7
Let f(d) = d**3 - 60*d**2 + 3568*d - 6893. Determine f(2).
11
Let y(r) = -3*r**3 + 17*r**2 + 89*r - 444. Give y(7).
-17
Let n(z) = 24*z + 4382. What is n(-254)?
-1714
Let z(w) = 135*w + 26803. What is z(-200)?
-197
Let i(f) = -f**3 + f**2 - 26*f + 340. Determine i(6).
4
Let x(q) = 11*q**2 - 859*q - 2679. Give x(-3).
-3
Let d(b) = 542*b - 23686. Give d(43).
-380
Let g(c) = -21026*c + 105103. What is g(5)?
-27
Let w(v) = 2*v**3 - 614*v**2 - 656*v + 12522. Determine w(308).
202
Let z(r) = r**2 - 1199*r - 67870. Calculate z(-54).
-208
Let c(v) = v**2 - 62174*v + 62177. Determine c(1).
4
Let q(l) = 2*l**3 + 544*l**2 + 3685*l - 6719. Calculate q(-265).
-94
Let l(a) = 759*a + 12729. What is l(-17)?
-174
Let k(i) = i**2 - 197*i - 76931. Determine k(-196).
97
Let u(x) = 27*x**3 + 2*x**2 - 298*x + 908. What is u(3)?
761
Let h(u) = 5*u - 416. Determine h(-75).
-791
Let w(z) = -16*z**2 + 15862*z - 131720. Calculate w(983).
2
Let f(o) = o**3 - 13*o**2 - 14282*o + 171548. Give f(12).
20
Let v(k) = -4*k**2 + 107*k + 2419. Give v(-15).
-86
Let a(j) = 17400*j - 800381. What is a(46)?
19
Let y(n) = -28*n - 3927. Calculate y(-82).
-1631
Let m(q) = q**3 - 283*q**2 - 511*q - 18048. What is m(285)?
-1233
Let t(r) = 26*r**3 - 5*r**2 - 428*r - 1727. Give t(-4).
-1759
Let c(b) = -b**2 + 5791*b - 434338. Give c(76).
2
Let p(y) = -32*y**2 + 20232*y + 141625. What is p(-7)?
-1567
Let q(b) = 12624*b + 719434. What is q(-57)?
-134
Let v(n) = n**2 - 1118101*n + 8944740. Calculate v(8).
-4
Let q(x) = -x**3 - 17*x**2 - 403*x - 2984. Calculate q(-9).
-5
Let c(f) = -f**3 + 165*f**2 + 1023*f + 500. Calculate c(171).
-13
Let b(g) = -5*g**3 - 4*g**2 - 2497*g + 5022. Give b(2).
-28
Let v(u) = -2352*u - 13917. Give v(-6).
195
Let x(z) = -80441*z + 161154. What is x(2)?
272
Let o(i) = -4884*i - 78179. What is o(-16)?
-35
Let b(a) = -5*a**2 - 167*a + 3494. Give b(17).
-790
Let t(n) = 826*n + 48499. Calculate t(-58).
591
Let v(d) = -309*d**2 - 3108*d - 175. Calculate v(-10).
5
Let t(h) = -7398*h + 370187. Give t(50).
287
Let b(d) = 57*d**2 - 2092*d + 10428. What is b(5)?
1393
Let w(x) = -3*x**3 - 15*x**2 + 147*x - 32. Calculate w(-10).
-2
Let i(q) = 58*q**3 - 521*q**2 + 9*q - 220. Determine i(9).
-58
Let z(h) = -68*h**3 - 23*h + 55. Give z(2).
-535
Let v(b) = 130*b**2 + 1307*b + 135. Calculate v(-10).
65
Let q(z) = z**2 - 3*z - 99. What is q(21)?
279
Let c(i) = i**3 - 57*i**2 